{"id":123,"date":"2023-01-03T19:18:52","date_gmt":"2023-01-03T18:18:52","guid":{"rendered":"https:\/\/alpakahof-oyten.de\/index.html\/?page_id=123"},"modified":"2024-08-08T20:15:09","modified_gmt":"2024-08-08T18:15:09","slug":"fotoshootings","status":"publish","type":"page","link":"http:\/\/alpakahof-oyten.de\/index.html\/fotoshootings\/","title":{"rendered":"Fotoshootings"},"content":{"rendered":"\n<p><br>M\u00f6chtet Ihr Euren Moment mit den flauschigen Charakterk\u00f6pfen festhalten?<\/p>\n\n\n\n<p>Dann haben wir hier was f\u00fcr euch&nbsp;<\/p>\n\n\n\n<figure class=\"wp-block-image size-full\"><img loading=\"lazy\" decoding=\"async\" width=\"1024\" height=\"682\" src=\"http:\/\/alpakahof-oyten.de\/wp-content\/uploads\/2023\/01\/fotoshooting1.jpg\" alt=\"\" class=\"wp-image-124\" srcset=\"http:\/\/alpakahof-oyten.de\/wp-content\/uploads\/2023\/01\/fotoshooting1.jpg 1024w, http:\/\/alpakahof-oyten.de\/wp-content\/uploads\/2023\/01\/fotoshooting1-300x200.jpg 300w, http:\/\/alpakahof-oyten.de\/wp-content\/uploads\/2023\/01\/fotoshooting1-768x512.jpg 768w\" sizes=\"auto, (max-width: 1024px) 100vw, 1024px\" \/><\/figure>\n\n\n\n<figure class=\"wp-block-image size-full\"><img loading=\"lazy\" decoding=\"async\" width=\"399\" height=\"600\" src=\"https:\/\/alpakahof-oyten.de\/wp-content\/uploads\/2023\/01\/eba4597a-1fa6-4a51-bcfb-ccd057dd09f1.jpg\" alt=\"\" class=\"wp-image-157\" srcset=\"http:\/\/alpakahof-oyten.de\/wp-content\/uploads\/2023\/01\/eba4597a-1fa6-4a51-bcfb-ccd057dd09f1.jpg 399w, http:\/\/alpakahof-oyten.de\/wp-content\/uploads\/2023\/01\/eba4597a-1fa6-4a51-bcfb-ccd057dd09f1-200x300.jpg 200w\" sizes=\"auto, (max-width: 399px) 100vw, 399px\" \/><\/figure>\n\n\n\n<p><br>Ihr habt die M\u00f6glichkeit ein Komplettpaket inkl.<br>Alpaka Schnupperstunde und ein Fotoshooting zu buchen.<\/p>\n\n\n\n<p>Aber auch&nbsp;&nbsp;nur die Buchung eines Shootings ist m\u00f6glich.<\/p>\n\n\n\n<p>Gerne k\u00f6nnt Ihr auch mit Eurem eigenen Fotografin\u00a0oder Fotografen<br>vorbei kommen.\u00a0<\/p>\n\n\n\n<p><strong>Hochzeitsshooting\/Geburtstagsshooting<\/strong><\/p>\n\n\n\n<p>Auf unseren Hof:<\/p>\n\n\n\n<p>Normales Shooting (2 Personen und 2 Tieren) -30 45 min 250\u20ac<\/p>\n\n\n\n<p>In der Herde, freies Shooting, ca. 15 Tiere plus Fohlen &#8211; 30 &#8211; 45 min 300\u20ac<\/p>\n\n\n\n<p>Gerne kommen wir auch bei euch vorbei<\/p>\n\n\n\n<p><strong>Hochzeitsshooting\/Geburtstagsshooting (au\u00dfer Haus)<\/strong><\/p>\n\n\n\n<p>F\u00fcr 2 Personen und zwei Tieren \u2013 30 &#8211; 45 min<\/p>\n\n\n\n<p>300\u20ac bis 20 km <\/p>\n\n\n\n<p>350\u20ac 20 \u2013 30km<\/p>\n\n\n\n<p>400\u20ac 40 \u2013 50km<\/p>\n\n\n\n<p>oder Ihr bucht eine von meinenFotografinnen M\u00e4dels\u2026.\u00a0<\/p>\n\n\n\n<p>Instagram:<\/p>\n\n\n\n<p><a href=\"https:\/\/instagram.com\/katharinaesselmannfotografie?igshid=YmMyMTA2M2Y=\">katharinaesselmannfotografie&nbsp;<\/a><\/p>\n\n\n\n<p>oder&nbsp;<a href=\"https:\/\/instagram.com\/christinlux.fotografie?igshid=YmMyMTA2M2Y=\">christinlux.fotografie<\/a><\/p>\n\n\n\n<p>oder&nbsp;<a href=\"https:\/\/instagram.com\/sabrina.marczak.fotografie?igshid=YmMyMTA2M2Y=\">sabrina.marczak.fotografie<\/a><\/p>\n\n\n\n<p>oder&nbsp;<a href=\"https:\/\/instagram.com\/dameherzbube?igshid=YmMyMTA2M2Y=\">dameherzbube<\/a><\/p>\n\n\n\n<p>oder&nbsp;<a href=\"https:\/\/instagram.com\/florenceybrave.fotografie?igshid=YmMyMTA2M2Y=\">florenceybrave.fotografie<\/a><\/p>\n\n\n\n<p>oder&nbsp;<a href=\"https:\/\/instagram.com\/_herzensfotografie_?igshid=YmMyMTA2M2Y=\">_herzensfotografie_<\/a><\/p>\n\n\n\n<p>Der Preis ver\u00e4ndert sich je nach Fotografin.<\/p>\n\n\n\n<p>Sprecht uns einfach an.<\/p>\n\n\n\n<p>Danach erhaltet Ihr die Bilder in digitaler Form, alles in Absprache&nbsp;<\/p>\n\n\n\n<p><\/p>\n\n\n\n<figure class=\"wp-block-image size-full\"><img loading=\"lazy\" decoding=\"async\" width=\"427\" height=\"640\" src=\"https:\/\/alpakahof-oyten.de\/wp-content\/uploads\/2023\/01\/image4.jpeg\" alt=\"\" class=\"wp-image-159\" srcset=\"http:\/\/alpakahof-oyten.de\/wp-content\/uploads\/2023\/01\/image4.jpeg 427w, http:\/\/alpakahof-oyten.de\/wp-content\/uploads\/2023\/01\/image4-200x300.jpeg 200w\" sizes=\"auto, (max-width: 427px) 100vw, 427px\" \/><\/figure>\n\n\n\n<figure class=\"wp-block-image size-full\"><img loading=\"lazy\" decoding=\"async\" width=\"427\" height=\"640\" src=\"https:\/\/alpakahof-oyten.de\/wp-content\/uploads\/2023\/01\/image11.jpeg\" alt=\"\" class=\"wp-image-160\" srcset=\"http:\/\/alpakahof-oyten.de\/wp-content\/uploads\/2023\/01\/image11.jpeg 427w, http:\/\/alpakahof-oyten.de\/wp-content\/uploads\/2023\/01\/image11-200x300.jpeg 200w\" sizes=\"auto, (max-width: 427px) 100vw, 427px\" \/><\/figure>\n\n\n\n<figure class=\"wp-block-image size-full\"><img loading=\"lazy\" decoding=\"async\" width=\"640\" height=\"427\" src=\"https:\/\/alpakahof-oyten.de\/wp-content\/uploads\/2023\/01\/image6.jpeg\" alt=\"\" class=\"wp-image-161\" srcset=\"http:\/\/alpakahof-oyten.de\/wp-content\/uploads\/2023\/01\/image6.jpeg 640w, http:\/\/alpakahof-oyten.de\/wp-content\/uploads\/2023\/01\/image6-300x200.jpeg 300w\" sizes=\"auto, (max-width: 640px) 100vw, 640px\" \/><\/figure>\n\n\n\n<figure class=\"wp-block-image size-large\"><img loading=\"lazy\" decoding=\"async\" width=\"1024\" height=\"683\" src=\"https:\/\/alpakahof-oyten.de\/wp-content\/uploads\/2023\/01\/3AE9EEBE-C281-4C26-AD4A-878EBDC614F0-1024x683.jpeg\" alt=\"\" class=\"wp-image-192\" srcset=\"http:\/\/alpakahof-oyten.de\/wp-content\/uploads\/2023\/01\/3AE9EEBE-C281-4C26-AD4A-878EBDC614F0-1024x683.jpeg 1024w, http:\/\/alpakahof-oyten.de\/wp-content\/uploads\/2023\/01\/3AE9EEBE-C281-4C26-AD4A-878EBDC614F0-300x200.jpeg 300w, http:\/\/alpakahof-oyten.de\/wp-content\/uploads\/2023\/01\/3AE9EEBE-C281-4C26-AD4A-878EBDC614F0-768x512.jpeg 768w, http:\/\/alpakahof-oyten.de\/wp-content\/uploads\/2023\/01\/3AE9EEBE-C281-4C26-AD4A-878EBDC614F0-1536x1024.jpeg 1536w, http:\/\/alpakahof-oyten.de\/wp-content\/uploads\/2023\/01\/3AE9EEBE-C281-4C26-AD4A-878EBDC614F0-2048x1365.jpeg 2048w\" sizes=\"auto, (max-width: 1024px) 100vw, 1024px\" \/><figcaption class=\"wp-element-caption\">Babybauch Shooting mit Christel Stock<\/figcaption><\/figure>\n\n\n\n<figure class=\"wp-block-image size-large\"><img loading=\"lazy\" decoding=\"async\" width=\"1024\" height=\"683\" src=\"https:\/\/alpakahof-oyten.de\/wp-content\/uploads\/2023\/01\/FEA8C5A3-2189-4BAA-A169-F00AB0004267-1024x683.jpeg\" alt=\"\" class=\"wp-image-193\" srcset=\"http:\/\/alpakahof-oyten.de\/wp-content\/uploads\/2023\/01\/FEA8C5A3-2189-4BAA-A169-F00AB0004267-1024x683.jpeg 1024w, http:\/\/alpakahof-oyten.de\/wp-content\/uploads\/2023\/01\/FEA8C5A3-2189-4BAA-A169-F00AB0004267-300x200.jpeg 300w, http:\/\/alpakahof-oyten.de\/wp-content\/uploads\/2023\/01\/FEA8C5A3-2189-4BAA-A169-F00AB0004267-768x512.jpeg 768w, http:\/\/alpakahof-oyten.de\/wp-content\/uploads\/2023\/01\/FEA8C5A3-2189-4BAA-A169-F00AB0004267-1536x1024.jpeg 1536w, http:\/\/alpakahof-oyten.de\/wp-content\/uploads\/2023\/01\/FEA8C5A3-2189-4BAA-A169-F00AB0004267-2048x1365.jpeg 2048w\" sizes=\"auto, (max-width: 1024px) 100vw, 1024px\" \/><figcaption class=\"wp-element-caption\">Babybauch Shooting mit Christel Stock<\/figcaption><\/figure>\n\n\n\n<figure class=\"wp-block-image size-large\"><img loading=\"lazy\" decoding=\"async\" width=\"683\" height=\"1024\" src=\"https:\/\/alpakahof-oyten.de\/wp-content\/uploads\/2023\/01\/7BF46EFE-D61B-4452-8D08-14CE87B32DA4-683x1024.jpeg\" alt=\"\" class=\"wp-image-195\" srcset=\"http:\/\/alpakahof-oyten.de\/wp-content\/uploads\/2023\/01\/7BF46EFE-D61B-4452-8D08-14CE87B32DA4-683x1024.jpeg 683w, http:\/\/alpakahof-oyten.de\/wp-content\/uploads\/2023\/01\/7BF46EFE-D61B-4452-8D08-14CE87B32DA4-200x300.jpeg 200w, http:\/\/alpakahof-oyten.de\/wp-content\/uploads\/2023\/01\/7BF46EFE-D61B-4452-8D08-14CE87B32DA4-768x1152.jpeg 768w, http:\/\/alpakahof-oyten.de\/wp-content\/uploads\/2023\/01\/7BF46EFE-D61B-4452-8D08-14CE87B32DA4-1024x1536.jpeg 1024w, http:\/\/alpakahof-oyten.de\/wp-content\/uploads\/2023\/01\/7BF46EFE-D61B-4452-8D08-14CE87B32DA4-1365x2048.jpeg 1365w, http:\/\/alpakahof-oyten.de\/wp-content\/uploads\/2023\/01\/7BF46EFE-D61B-4452-8D08-14CE87B32DA4-scaled.jpeg 1707w\" sizes=\"auto, (max-width: 683px) 100vw, 683px\" \/><figcaption class=\"wp-element-caption\">Babybauch Shooting mit Christel Stock<\/figcaption><\/figure>\n\n\n\n<figure class=\"wp-block-image size-large\"><img loading=\"lazy\" decoding=\"async\" width=\"1024\" height=\"683\" src=\"https:\/\/alpakahof-oyten.de\/wp-content\/uploads\/2023\/01\/472CA8D2-05D6-4E26-B64F-98208C9AAAC3-1024x683.jpeg\" alt=\"\" class=\"wp-image-196\" srcset=\"http:\/\/alpakahof-oyten.de\/wp-content\/uploads\/2023\/01\/472CA8D2-05D6-4E26-B64F-98208C9AAAC3-1024x683.jpeg 1024w, http:\/\/alpakahof-oyten.de\/wp-content\/uploads\/2023\/01\/472CA8D2-05D6-4E26-B64F-98208C9AAAC3-300x200.jpeg 300w, http:\/\/alpakahof-oyten.de\/wp-content\/uploads\/2023\/01\/472CA8D2-05D6-4E26-B64F-98208C9AAAC3-768x512.jpeg 768w, http:\/\/alpakahof-oyten.de\/wp-content\/uploads\/2023\/01\/472CA8D2-05D6-4E26-B64F-98208C9AAAC3-1536x1024.jpeg 1536w, http:\/\/alpakahof-oyten.de\/wp-content\/uploads\/2023\/01\/472CA8D2-05D6-4E26-B64F-98208C9AAAC3-2048x1365.jpeg 2048w\" sizes=\"auto, (max-width: 1024px) 100vw, 1024px\" \/><figcaption class=\"wp-element-caption\">Babybauch Shooting mit Christel Stock<\/figcaption><\/figure>\n\n\n\n<figure class=\"wp-block-image size-large\"><img loading=\"lazy\" decoding=\"async\" width=\"768\" height=\"1024\" src=\"https:\/\/alpakahof-oyten.de\/wp-content\/uploads\/2023\/01\/C2419273-721D-417F-8105-E17C3942DE9A-768x1024.jpeg\" alt=\"\" class=\"wp-image-194\" srcset=\"http:\/\/alpakahof-oyten.de\/wp-content\/uploads\/2023\/01\/C2419273-721D-417F-8105-E17C3942DE9A-768x1024.jpeg 768w, http:\/\/alpakahof-oyten.de\/wp-content\/uploads\/2023\/01\/C2419273-721D-417F-8105-E17C3942DE9A-225x300.jpeg 225w, http:\/\/alpakahof-oyten.de\/wp-content\/uploads\/2023\/01\/C2419273-721D-417F-8105-E17C3942DE9A-1152x1536.jpeg 1152w, http:\/\/alpakahof-oyten.de\/wp-content\/uploads\/2023\/01\/C2419273-721D-417F-8105-E17C3942DE9A.jpeg 1536w\" sizes=\"auto, (max-width: 768px) 100vw, 768px\" \/><\/figure>\n\n\n\n<p><\/p>\n\n\n\n<figure class=\"wp-block-image size-full\"><img loading=\"lazy\" decoding=\"async\" width=\"640\" height=\"960\" src=\"https:\/\/alpakahof-oyten.de\/wp-content\/uploads\/2023\/01\/428497CD-E73F-4142-939D-A09EC525E021.jpeg\" alt=\"\" class=\"wp-image-198\" srcset=\"http:\/\/alpakahof-oyten.de\/wp-content\/uploads\/2023\/01\/428497CD-E73F-4142-939D-A09EC525E021.jpeg 640w, http:\/\/alpakahof-oyten.de\/wp-content\/uploads\/2023\/01\/428497CD-E73F-4142-939D-A09EC525E021-200x300.jpeg 200w\" sizes=\"auto, (max-width: 640px) 100vw, 640px\" \/><\/figure>\n\n\n\n<figure class=\"wp-block-image size-full\"><img loading=\"lazy\" decoding=\"async\" width=\"960\" height=\"640\" src=\"https:\/\/alpakahof-oyten.de\/wp-content\/uploads\/2023\/01\/85D9E880-FE89-40D1-9894-4E44F15E29BC.jpeg\" alt=\"\" class=\"wp-image-199\" srcset=\"http:\/\/alpakahof-oyten.de\/wp-content\/uploads\/2023\/01\/85D9E880-FE89-40D1-9894-4E44F15E29BC.jpeg 960w, http:\/\/alpakahof-oyten.de\/wp-content\/uploads\/2023\/01\/85D9E880-FE89-40D1-9894-4E44F15E29BC-300x200.jpeg 300w, http:\/\/alpakahof-oyten.de\/wp-content\/uploads\/2023\/01\/85D9E880-FE89-40D1-9894-4E44F15E29BC-768x512.jpeg 768w\" sizes=\"auto, (max-width: 960px) 100vw, 960px\" \/><\/figure>\n\n\n\n<p><\/p>\n\n\n\n<figure class=\"wp-block-image size-full\"><img loading=\"lazy\" decoding=\"async\" width=\"960\" height=\"640\" src=\"https:\/\/alpakahof-oyten.de\/wp-content\/uploads\/2023\/01\/E066269D-9E9A-46C6-9D99-3FACB0FD1F69.jpeg\" alt=\"\" class=\"wp-image-201\" srcset=\"http:\/\/alpakahof-oyten.de\/wp-content\/uploads\/2023\/01\/E066269D-9E9A-46C6-9D99-3FACB0FD1F69.jpeg 960w, http:\/\/alpakahof-oyten.de\/wp-content\/uploads\/2023\/01\/E066269D-9E9A-46C6-9D99-3FACB0FD1F69-300x200.jpeg 300w, http:\/\/alpakahof-oyten.de\/wp-content\/uploads\/2023\/01\/E066269D-9E9A-46C6-9D99-3FACB0FD1F69-768x512.jpeg 768w\" sizes=\"auto, (max-width: 960px) 100vw, 960px\" \/><\/figure>\n\n\n\n<p><\/p>\n\n\n\n<figure class=\"wp-block-image size-large\"><img loading=\"lazy\" decoding=\"async\" width=\"1024\" height=\"768\" src=\"https:\/\/alpakahof-oyten.de\/wp-content\/uploads\/2023\/01\/1B185F8C-F466-4489-9912-95D0CD120E0F-1024x768.jpeg\" alt=\"\" class=\"wp-image-203\" srcset=\"http:\/\/alpakahof-oyten.de\/wp-content\/uploads\/2023\/01\/1B185F8C-F466-4489-9912-95D0CD120E0F-1024x768.jpeg 1024w, http:\/\/alpakahof-oyten.de\/wp-content\/uploads\/2023\/01\/1B185F8C-F466-4489-9912-95D0CD120E0F-300x225.jpeg 300w, http:\/\/alpakahof-oyten.de\/wp-content\/uploads\/2023\/01\/1B185F8C-F466-4489-9912-95D0CD120E0F-768x576.jpeg 768w, http:\/\/alpakahof-oyten.de\/wp-content\/uploads\/2023\/01\/1B185F8C-F466-4489-9912-95D0CD120E0F-1536x1152.jpeg 1536w, http:\/\/alpakahof-oyten.de\/wp-content\/uploads\/2023\/01\/1B185F8C-F466-4489-9912-95D0CD120E0F.jpeg 1600w\" sizes=\"auto, (max-width: 1024px) 100vw, 1024px\" \/><\/figure>\n\n\n\n<figure class=\"wp-block-image size-large\"><img loading=\"lazy\" decoding=\"async\" width=\"1024\" height=\"675\" src=\"https:\/\/alpakahof-oyten.de\/wp-content\/uploads\/2023\/01\/08629133-980D-44FC-B864-E8312F2B4222-1024x675.jpeg\" alt=\"\" class=\"wp-image-204\" srcset=\"http:\/\/alpakahof-oyten.de\/wp-content\/uploads\/2023\/01\/08629133-980D-44FC-B864-E8312F2B4222-1024x675.jpeg 1024w, http:\/\/alpakahof-oyten.de\/wp-content\/uploads\/2023\/01\/08629133-980D-44FC-B864-E8312F2B4222-300x198.jpeg 300w, http:\/\/alpakahof-oyten.de\/wp-content\/uploads\/2023\/01\/08629133-980D-44FC-B864-E8312F2B4222-768x506.jpeg 768w, http:\/\/alpakahof-oyten.de\/wp-content\/uploads\/2023\/01\/08629133-980D-44FC-B864-E8312F2B4222-1536x1013.jpeg 1536w, http:\/\/alpakahof-oyten.de\/wp-content\/uploads\/2023\/01\/08629133-980D-44FC-B864-E8312F2B4222-2048x1350.jpeg 2048w\" sizes=\"auto, (max-width: 1024px) 100vw, 1024px\" \/><\/figure>\n\n\n\n<figure class=\"wp-block-image size-large\"><img loading=\"lazy\" decoding=\"async\" width=\"1024\" height=\"683\" src=\"https:\/\/alpakahof-oyten.de\/wp-content\/uploads\/2023\/01\/F52AFFFB-C452-49B5-A6F3-965750BC5C1E-1024x683.jpeg\" alt=\"\" class=\"wp-image-205\" srcset=\"http:\/\/alpakahof-oyten.de\/wp-content\/uploads\/2023\/01\/F52AFFFB-C452-49B5-A6F3-965750BC5C1E-1024x683.jpeg 1024w, http:\/\/alpakahof-oyten.de\/wp-content\/uploads\/2023\/01\/F52AFFFB-C452-49B5-A6F3-965750BC5C1E-300x200.jpeg 300w, http:\/\/alpakahof-oyten.de\/wp-content\/uploads\/2023\/01\/F52AFFFB-C452-49B5-A6F3-965750BC5C1E-768x512.jpeg 768w, http:\/\/alpakahof-oyten.de\/wp-content\/uploads\/2023\/01\/F52AFFFB-C452-49B5-A6F3-965750BC5C1E-1536x1024.jpeg 1536w, http:\/\/alpakahof-oyten.de\/wp-content\/uploads\/2023\/01\/F52AFFFB-C452-49B5-A6F3-965750BC5C1E-2048x1365.jpeg 2048w\" sizes=\"auto, (max-width: 1024px) 100vw, 1024px\" \/><\/figure>\n\n\n\n<p><\/p>\n\n\n\n<p><\/p>\n\n\n\n<figure class=\"wp-block-image size-large\"><img loading=\"lazy\" decoding=\"async\" width=\"1024\" height=\"660\" src=\"https:\/\/alpakahof-oyten.de\/wp-content\/uploads\/2023\/01\/734D624F-5281-4FA4-8D8A-26DEB653A91F-1024x660.jpeg\" alt=\"\" class=\"wp-image-206\" srcset=\"http:\/\/alpakahof-oyten.de\/wp-content\/uploads\/2023\/01\/734D624F-5281-4FA4-8D8A-26DEB653A91F-1024x660.jpeg 1024w, http:\/\/alpakahof-oyten.de\/wp-content\/uploads\/2023\/01\/734D624F-5281-4FA4-8D8A-26DEB653A91F-300x193.jpeg 300w, http:\/\/alpakahof-oyten.de\/wp-content\/uploads\/2023\/01\/734D624F-5281-4FA4-8D8A-26DEB653A91F-768x495.jpeg 768w, http:\/\/alpakahof-oyten.de\/wp-content\/uploads\/2023\/01\/734D624F-5281-4FA4-8D8A-26DEB653A91F-1536x990.jpeg 1536w, http:\/\/alpakahof-oyten.de\/wp-content\/uploads\/2023\/01\/734D624F-5281-4FA4-8D8A-26DEB653A91F-2048x1320.jpeg 2048w\" sizes=\"auto, (max-width: 1024px) 100vw, 1024px\" \/><\/figure>\n\n\n\n<figure class=\"wp-block-image size-large\"><img loading=\"lazy\" decoding=\"async\" width=\"1024\" height=\"683\" src=\"https:\/\/alpakahof-oyten.de\/wp-content\/uploads\/2023\/01\/E9C6DE9F-F778-4E60-A572-15B12FEC5799-1024x683.jpeg\" alt=\"\" class=\"wp-image-207\" srcset=\"http:\/\/alpakahof-oyten.de\/wp-content\/uploads\/2023\/01\/E9C6DE9F-F778-4E60-A572-15B12FEC5799-1024x683.jpeg 1024w, http:\/\/alpakahof-oyten.de\/wp-content\/uploads\/2023\/01\/E9C6DE9F-F778-4E60-A572-15B12FEC5799-300x200.jpeg 300w, http:\/\/alpakahof-oyten.de\/wp-content\/uploads\/2023\/01\/E9C6DE9F-F778-4E60-A572-15B12FEC5799-768x512.jpeg 768w, http:\/\/alpakahof-oyten.de\/wp-content\/uploads\/2023\/01\/E9C6DE9F-F778-4E60-A572-15B12FEC5799-1536x1024.jpeg 1536w, http:\/\/alpakahof-oyten.de\/wp-content\/uploads\/2023\/01\/E9C6DE9F-F778-4E60-A572-15B12FEC5799-2048x1365.jpeg 2048w\" sizes=\"auto, (max-width: 1024px) 100vw, 1024px\" \/><\/figure>\n","protected":false},"excerpt":{"rendered":"<p>M\u00f6chtet Ihr Euren Moment mit den flauschigen Charakterk\u00f6pfen festhalten? Dann haben wir hier was f\u00fcr euch&nbsp; Ihr habt die M\u00f6glichkeit ein Komplettpaket inkl.Alpaka Schnupperstunde und ein Fotoshooting zu buchen. Aber auch&nbsp;&nbsp;nur die Buchung eines Shootings ist m\u00f6glich. Gerne k\u00f6nnt Ihr auch mit Eurem eigenen Fotografin\u00a0oder Fotografenvorbei kommen.\u00a0 Hochzeitsshooting\/Geburtstagsshooting Auf unseren Hof: Normales Shooting (2 Personen [&hellip;]<\/p>\n","protected":false},"author":1,"featured_media":0,"parent":0,"menu_order":0,"comment_status":"closed","ping_status":"closed","template":"","meta":{"footnotes":""},"class_list":["post-123","page","type-page","status-publish","hentry"],"_links":{"self":[{"href":"http:\/\/alpakahof-oyten.de\/index.html\/wp-json\/wp\/v2\/pages\/123","targetHints":{"allow":["GET"]}}],"collection":[{"href":"http:\/\/alpakahof-oyten.de\/index.html\/wp-json\/wp\/v2\/pages"}],"about":[{"href":"http:\/\/alpakahof-oyten.de\/index.html\/wp-json\/wp\/v2\/types\/page"}],"author":[{"embeddable":true,"href":"http:\/\/alpakahof-oyten.de\/index.html\/wp-json\/wp\/v2\/users\/1"}],"replies":[{"embeddable":true,"href":"http:\/\/alpakahof-oyten.de\/index.html\/wp-json\/wp\/v2\/comments?post=123"}],"version-history":[{"count":18,"href":"http:\/\/alpakahof-oyten.de\/index.html\/wp-json\/wp\/v2\/pages\/123\/revisions"}],"predecessor-version":[{"id":828,"href":"http:\/\/alpakahof-oyten.de\/index.html\/wp-json\/wp\/v2\/pages\/123\/revisions\/828"}],"wp:attachment":[{"href":"http:\/\/alpakahof-oyten.de\/index.html\/wp-json\/wp\/v2\/media?parent=123"}],"curies":[{"name":"wp","href":"https:\/\/api.w.org\/{rel}","templated":true}]}}